{"id":1173,"date":"2024-04-06T09:27:35","date_gmt":"2024-04-06T06:27:35","guid":{"rendered":"https:\/\/compasscrete.com\/staging\/?page_id=1173"},"modified":"2024-05-29T12:18:44","modified_gmt":"2024-05-29T09:18:44","slug":"100-versicherung","status":"publish","type":"page","link":"https:\/\/compasscrete.com\/staging\/de\/100-versicherung\/","title":{"rendered":"100% Versicherung"},"content":{"rendered":"\t\t<div data-elementor-type=\"wp-page\" data-elementor-id=\"1173\" class=\"elementor elementor-1173\" data-elementor-post-type=\"page\">\n\t\t\t\t<div class=\"elementor-element elementor-element-611219e e-flex e-con-boxed e-con e-parent\" data-id=\"611219e\" data-element_type=\"container\" data-e-type=\"container\">\n\t\t\t\t\t<div class=\"e-con-inner\">\n\t\t\t\t<div class=\"elementor-element elementor-element-5121c0a elementor-widget elementor-widget-heading\" data-id=\"5121c0a\" data-element_type=\"widget\" data-e-type=\"widget\" data-widget_type=\"heading.default\">\n\t\t\t\t<div class=\"elementor-widget-container\">\n\t\t\t\t\t<h2 class=\"elementor-heading-title elementor-size-default\">WENN SIE EIN AUTO MIT UNSERER FIRMA MIETEN, BIETEN WIR EINE VOLLVERSICHERUNG, MIT NULL SELBSTBETEILIGUNG.<\/h2>\t\t\t\t<\/div>\n\t\t\t\t<\/div>\n\t\t\t\t<div class=\"elementor-element elementor-element-21a4feb elementor-widget elementor-widget-text-editor\" data-id=\"21a4feb\" data-element_type=\"widget\" data-e-type=\"widget\" data-widget_type=\"text-editor.default\">\n\t\t\t\t<div class=\"elementor-widget-container\">\n\t\t\t\t\t\t\t\t\t<p><strong>KSV = Kollisionsschadensverzicht<\/strong><br \/>mit\u00a0<strong>NULL SELBSTBETEILUNG<\/strong><br \/>Deckt den vollen Betrag der Sch\u00e4den am Mietwagen, die durch Kollision mit anderen verursacht werden, wenn Sie der Schuldige sind.<br \/><strong>SIE ZAHLEN KEIN GELD F\u00dcR DEN SCH\u00c4DEN.<\/strong><br \/>(wenn die anderen schuldig sind, muss die \u00ab3rd party\u00bb-Versicherung f\u00fcr Ihren Mietwagen aufkommen. )<\/p><p><strong>VS = Vollst\u00e4ndige Schadensersatzk\u00fcrzung<\/strong><br \/>mit\u00a0<strong>NULL SELBSTBETEILIGUNG<\/strong><br \/>Deckt den vollen Betrag der Sch\u00e4den am Mietwagen, die Sie allein versehentlich oder durch ein unbekanntes Ereignis verursacht haben, wenn Sie nicht anwesend waren.<br \/><strong>SIE ZAHLEN KEIN GELD F\u00dcR DEN SCH\u00c4DEN.<\/strong><\/p><p><strong>RUG = R\u00e4der-, Unter- und Glas\/Spiegel-Versicherung.<\/strong><br \/>Deckt den vollen Betrag von Sch\u00e4den an der Unterseite des Fahrzeugs, Motor, Glas und Reifen, ohne dass Sie einen Betrag f\u00fcr die Reparatur zahlen m\u00fcssen.<br \/>BEDINGUNGEN ANWENDEN, siehe Hinweise!df<\/p><p><strong>PUV = Personenunfallversicherung.<\/strong><br \/>Insassen und Fahrer des Mietwagens sind nur f\u00fcr Tod oder K\u00f6rperverletzung im Unfallfall bis zu einem H\u00f6chstbetrag von 1. 000. 000 \u20ac versichert.<\/p><p><strong>DS = Diebstahlschutz mit NULL SELBSTBETEILIGUNG<\/strong><br \/>Der Mieter ist gegen Diebstahl des Fahrzeugs versichert, es sei denn, der Diebstahl erfolgt aufgrund seiner Fahrl\u00e4ssigkeit.<br \/>Die Haftung beschr\u00e4nkt sich auf das Auto selbst, gestohlenes Zubeh\u00f6r oder pers\u00f6nliche Gegenst\u00e4nde innerhalb SIND NICHT durch eine Versicherung.<\/p><p><strong>\u00d6H = \u00d6ffentliche Haftpflichtversicherung (Drittversicherungen. )<\/strong><br \/>Der Mieter ist bis zu einem H\u00f6chstbetrag von \u20ac 1. 000. 000 f\u00fcr Tod und K\u00f6rperverletzung und \u20ac 1. 000. 000 f\u00fcr Sachsch\u00e4den Dritter versichert.<\/p><p>24 STUNDEN STRASSENHILFE<\/p><p>UNBESCHR\u00c4NKTE KILOMETER.<\/p><p>ZWEITER FAHRER IM PREIS INBEGRIFFEN.<\/p><p>KINDERSITZE UND BOOSTER WERDEN KOSTENLOS ZUR VERF\u00dcGUNG GESTELLT<\/p><p>MwSt. 24% STEUER IM MIETPREIS INBEGRIFFEN<\/p><h3>SEHR WICHTIGE HINWEISE:<\/h3><p>Im Falle eines Unfalls ist der Fahrer verpflichtet, den Unfall unverz\u00fcglich unter den angegebenen Nummern oder der Polizei zu melden und alle erforderlichen Massnahmen zu ergreifen.<br \/>Wenn Sie gegen eine der folgenden Regeln verstossen, weigert sich die Versicherungsgesellschaft, die Zahlung zu leisten, wobei SIE f\u00fcr alle Sch\u00e4den aufkommen.<br \/>\u2014\u2014\u2014\u2014\u2014\u2014\u2013<br \/><strong>VERSICHERUNG VERSICHERT NICHT<\/strong>\u00a0schwere Verst\u00f6sse und Fahrl\u00e4ssigkeiten des Fahrers, wie z. B. :<\/p><p>Offroad-Fahren (z. B. nach Balos oder Preveli oder auf anderen Offroad-Strecken)<\/p><p>Die Versicherung deckt kein Rad, das in einem Balkanizer nicht repariert werden kann, oder eine Felge, die nicht repariert wird.<\/p><p>Fahren unter Alkoholeinfluss oder Drogeneinfluss.<\/p><p>\u00dcbertragung des Mietwagens an eine Person, die nicht im Vertrag enthalten und abonniert ist.<\/p><p>Sch\u00e4den, die nach Ablauf der vereinbarten Mietzeit und -zeit entstehen.<\/p><p>Verlust des Schl\u00fcssels.<br \/>Der Kunde tr\u00e4gt alle Kosten f\u00fcr den Ersatz und den Versand eines Zweitschl\u00fcssels bei Schl\u00fcsselverlust oder -besch\u00e4digung sowie bei versehentlichem Verriegeln des Schl\u00fcssels im Fahrzeug.<\/p><p>Nach Erhalt des Autos erhalten Sie eine KOSTENLOSE Strassenkarte von Kreta. Gerne stellen wir Ihnen auch ein GPS-Ger\u00e4t zur Verf\u00fcgung, WENN Sie nach Voranmeldung und ab 150 Euro mieten m\u00f6chten. Der Kunde haftet f\u00fcr Sch\u00e4den an GPS und Montageeinheiten bei unsachgem\u00e4sser Platzierung und Verwendung, bis zu einem H\u00f6chstbetrag von 100 Euro.<\/p>\t\t\t\t\t\t\t\t<\/div>\n\t\t\t\t<\/div>\n\t\t\t\t\t<\/div>\n\t\t\t\t<\/div>\n\t\t\t\t<\/div>\n\t\t","protected":false},"excerpt":{"rendered":"<p>WENN SIE EIN AUTO MIT UNSERER FIRMA MIETEN, BIETEN WIR EINE VOLLVERSICHERUNG, MIT NULL SELBSTBETEILIGUNG. KSV = Kollisionsschadensverzichtmit\u00a0NULL SELBSTBETEILUNGDeckt den vollen Betrag der Sch\u00e4den am Mietwagen, die durch Kollision mit anderen verursacht werden, wenn Sie der Schuldige sind.SIE ZAHLEN KEIN GELD F\u00dcR DEN SCH\u00c4DEN.(wenn die anderen schuldig sind, muss die \u00ab3rd party\u00bb-Versicherung f\u00fcr Ihren Mietwagen [&hellip;]<\/p>\n","protected":false},"author":1,"featured_media":0,"parent":0,"menu_order":0,"comment_status":"closed","ping_status":"closed","template":"","meta":{"footnotes":""},"class_list":["post-1173","page","type-page","status-publish","hentry"],"_links":{"self":[{"href":"https:\/\/compasscrete.com\/staging\/wp-json\/wp\/v2\/pages\/1173","targetHints":{"allow":["GET"]}}],"collection":[{"href":"https:\/\/compasscrete.com\/staging\/wp-json\/wp\/v2\/pages"}],"about":[{"href":"https:\/\/compasscrete.com\/staging\/wp-json\/wp\/v2\/types\/page"}],"author":[{"embeddable":true,"href":"https:\/\/compasscrete.com\/staging\/wp-json\/wp\/v2\/users\/1"}],"replies":[{"embeddable":true,"href":"https:\/\/compasscrete.com\/staging\/wp-json\/wp\/v2\/comments?post=1173"}],"version-history":[{"count":4,"href":"https:\/\/compasscrete.com\/staging\/wp-json\/wp\/v2\/pages\/1173\/revisions"}],"predecessor-version":[{"id":1429,"href":"https:\/\/compasscrete.com\/staging\/wp-json\/wp\/v2\/pages\/1173\/revisions\/1429"}],"wp:attachment":[{"href":"https:\/\/compasscrete.com\/staging\/wp-json\/wp\/v2\/media?parent=1173"}],"curies":[{"name":"wp","href":"https:\/\/api.w.org\/{rel}","templated":true}]}}